{"id":61,"date":"2021-12-25T10:37:48","date_gmt":"2021-12-25T10:37:48","guid":{"rendered":"https:\/\/www.design-award.cz\/?page_id=61"},"modified":"2025-03-19T09:46:09","modified_gmt":"2025-03-19T09:46:09","slug":"jak-se-prihlasit","status":"publish","type":"page","link":"https:\/\/www.design-award.cz\/?page_id=61","title":{"rendered":"JAK SE P\u0158IHL\u00c1SIT?"},"content":{"rendered":"\n<div class=\"wp-block-columns is-layout-flex wp-container-core-columns-is-layout-9d6595d7 wp-block-columns-is-layout-flex\">\n<div class=\"wp-block-column is-layout-flow wp-block-column-is-layout-flow\" style=\"flex-basis:66.66%\">\n<h2 class=\"wp-block-heading\" id=\"je-to-jednoduche-staci-vyplnit-postranni-formular\">Je to jednoduch\u00e9! Sta\u010d\u00ed vyplnit postrann\u00ed formul\u00e1\u0159. <\/h2>\n\n\n\n<p>Nezapome\u0148 uv\u00e9st sv\u00e9 <strong>jm\u00e9no a p\u0159\u00edjmen\u00ed<\/strong>, <strong>n\u00e1zev projektu<\/strong> a <strong>kontakt<\/strong>. N\u00e1vrhy mohou sout\u011b\u017eit pod jednou z kategori\u00ed &#8211; <strong><strong>Soukrom\u00fd interi\u00e9r<\/strong><\/strong> \/ <strong><strong>Ve\u0159ejn\u00fd interi\u00e9r<\/strong><\/strong> \/ <strong><strong>Produktov\u00fd design<\/strong><\/strong>. Z\u00e1rove\u0148 je vyhl\u00e1\u0161eno &#8222;<strong>Ocen\u011bn\u00ed za udr\u017eiteln\u00fd design<\/strong>&#8220; a to nad r\u00e1mec jednotliv\u00fdch kategori\u00ed. Proto je d\u016fle\u017eit\u00e9 sv\u016fj n\u00e1vrh dob\u0159e, ale z\u00e1rove\u0148 <strong>stru\u010dn\u011b popsat<\/strong> &#8211; rozsah je 150 &#8211; 250 slov. Pokud chcete, m\u016f\u017eete uv\u00e9st i  odkaz na v\u00e1\u0161 web \u010di Instagramovou str\u00e1nku do popisu pr\u00e1ce.<\/p>\n\n\n\n<p>Nakonec do formul\u00e1\u0159e <strong>nahr\u00e1t obrazovou dokumentaci<\/strong> (3-6 soubor\u016f). Nesm\u00ed chyb\u011bt technick\u00fd v\u00fdkres a fotografie \u010di vizualizace. Podporovan\u00e9 form\u00e1ty jsou JPG, PNG a BMP (ne PDF &#8211; webov\u00e1 galerie tento form\u00e1t nepodporuje). Maxim\u00e1ln\u00ed velikost jednoho nahran\u00e9ho souboru je 2MB. Doporu\u010dujeme tak\u00e9 nahr\u00e1t jeden rozm\u011br obr\u00e1zk\u016f &#8211; p\u0159i vkl\u00e1d\u00e1n\u00ed na Instagram doch\u00e1z\u00ed k ne\u017e\u00e1dan\u00e9mu automatick\u00e9mu o\u0159ezu <strong>nejvhodn\u011bj\u0161\u00ed je tak form\u00e1t 1,91 : 1 <\/strong>. Pokud obr\u00e1zky o\u010d\u00edslujete v\u011bt\u0161inou je vlo\u017e\u00edme za sebou podle zad\u00e1n\u00ed. <\/p>\n\n\n\n<p>V\u0161echny odeslan\u00e9 sout\u011b\u017en\u00ed n\u00e1vrhy pak budou do n\u011bkolika dn\u016f (do 10 pracovn\u00edch) k vid\u011bn\u00ed na tomto webu a n\u00e1sledn\u011b i na <a href=\"https:\/\/www.instagram.com\/design_award\/\">Instagramu.<\/a><\/p>\n\n\n\n<p><strong>Uz\u00e1v\u011brka p\u0159ihl\u00e1\u0161ek je do p\u016flnoci 30. 6. 2025 (23:59). <\/strong><\/p>\n\n\n\n<p><strong>Semifinalist\u00e9<\/strong> pak budou kontaktov\u00e1ni a zve\u0159ejn\u011bni <strong>12. 9. 2025<\/strong><\/p>\n\n\n\n<p>Na <strong>slavnostn\u00ed vyhl\u00e1\u0161en\u00ed v\u00edt\u011bz\u016f <\/strong>se m\u016f\u017eete t\u011b\u0161it <strong>ve \u010dtvrtek 25. 9. 2025 v r\u00e1mci akce DESIGN DAY AWARD v are\u00e1lu S\u0160 Michael \u2013 Machkova 1646,Praha 4.<\/strong><\/p>\n<\/div>\n<\/div>\n","protected":false},"excerpt":{"rendered":"<p>Je to jednoduch\u00e9! Sta\u010d\u00ed vyplnit postrann\u00ed formul\u00e1\u0159. Nezapome\u0148 uv\u00e9st sv\u00e9 jm\u00e9no a p\u0159\u00edjmen\u00ed, n\u00e1zev projektu a kontakt. N\u00e1vrhy mohou sout\u011b\u017eit pod jednou z kategori\u00ed &#8211; Soukrom\u00fd interi\u00e9r \/ Ve\u0159ejn\u00fd interi\u00e9r \/ Produktov\u00fd design. Z\u00e1rove\u0148 je vyhl\u00e1\u0161eno &#8222;Ocen\u011bn\u00ed za udr\u017eiteln\u00fd design&#8220; a to nad r\u00e1mec jednotliv\u00fdch kategori\u00ed. Proto je d\u016fle\u017eit\u00e9 sv\u016fj n\u00e1vrh dob\u0159e, ale z\u00e1rove\u0148 stru\u010dn\u011b [&hellip;]<\/p>\n","protected":false},"author":1,"featured_media":0,"parent":0,"menu_order":0,"comment_status":"closed","ping_status":"closed","template":"","meta":{"ngg_post_thumbnail":0,"ocean_post_layout":"","ocean_both_sidebars_style":"","ocean_both_sidebars_content_width":0,"ocean_both_sidebars_sidebars_width":0,"ocean_sidebar":"0","ocean_second_sidebar":"0","ocean_disable_margins":"enable","ocean_add_body_class":"","ocean_shortcode_before_top_bar":"","ocean_shortcode_after_top_bar":"","ocean_shortcode_before_header":"","ocean_shortcode_after_header":"","ocean_has_shortcode":"","ocean_shortcode_after_title":"","ocean_shortcode_before_footer_widgets":"","ocean_shortcode_after_footer_widgets":"","ocean_shortcode_before_footer_bottom":"","ocean_shortcode_after_footer_bottom":"","ocean_display_top_bar":"default","ocean_display_header":"default","ocean_header_style":"","ocean_center_header_left_menu":"0","ocean_custom_header_template":"0","ocean_custom_logo":0,"ocean_custom_retina_logo":0,"ocean_custom_logo_max_width":0,"ocean_custom_logo_tablet_max_width":0,"ocean_custom_logo_mobile_max_width":0,"ocean_custom_logo_max_height":0,"ocean_custom_logo_tablet_max_height":0,"ocean_custom_logo_mobile_max_height":0,"ocean_header_custom_menu":"0","ocean_menu_typo_font_family":"0","ocean_menu_typo_font_subset":"","ocean_menu_typo_font_size":0,"ocean_menu_typo_font_size_tablet":0,"ocean_menu_typo_font_size_mobile":0,"ocean_menu_typo_font_size_unit":"px","ocean_menu_typo_font_weight":"","ocean_menu_typo_font_weight_tablet":"","ocean_menu_typo_font_weight_mobile":"","ocean_menu_typo_transform":"","ocean_menu_typo_transform_tablet":"","ocean_menu_typo_transform_mobile":"","ocean_menu_typo_line_height":0,"ocean_menu_typo_line_height_tablet":0,"ocean_menu_typo_line_height_mobile":0,"ocean_menu_typo_line_height_unit":"","ocean_menu_typo_spacing":0,"ocean_menu_typo_spacing_tablet":0,"ocean_menu_typo_spacing_mobile":0,"ocean_menu_typo_spacing_unit":"","ocean_menu_link_color":"","ocean_menu_link_color_hover":"","ocean_menu_link_color_active":"","ocean_menu_link_background":"","ocean_menu_link_hover_background":"","ocean_menu_link_active_background":"","ocean_menu_social_links_bg":"","ocean_menu_social_hover_links_bg":"","ocean_menu_social_links_color":"","ocean_menu_social_hover_links_color":"","ocean_disable_title":"default","ocean_disable_heading":"default","ocean_post_title":"","ocean_post_subheading":"","ocean_post_title_style":"","ocean_post_title_background_color":"","ocean_post_title_background":0,"ocean_post_title_bg_image_position":"","ocean_post_title_bg_image_attachment":"","ocean_post_title_bg_image_repeat":"","ocean_post_title_bg_image_size":"","ocean_post_title_height":0,"ocean_post_title_bg_overlay":0.5,"ocean_post_title_bg_overlay_color":"","ocean_disable_breadcrumbs":"default","ocean_breadcrumbs_color":"","ocean_breadcrumbs_separator_color":"","ocean_breadcrumbs_links_color":"","ocean_breadcrumbs_links_hover_color":"","ocean_display_footer_widgets":"default","ocean_display_footer_bottom":"default","ocean_custom_footer_template":"0","_vp_format_video_url":"","_vp_image_focal_point":[],"footnotes":""},"class_list":["post-61","page","type-page","status-publish","hentry","entry"],"yoast_head":"<!-- This site is optimized with the Yoast SEO plugin v25.2 - https:\/\/yoast.com\/wordpress\/plugins\/seo\/ -->\n<title>JAK SE P\u0158IHL\u00c1SIT? - design-award.cz<\/title>\n<meta name=\"description\" content=\"Jak se p\u0159ihl\u00e1sit do DESIGN AWARD 2022? Je to jednoduch\u00e9! Sta\u010d\u00ed vyplnit postrann\u00ed formul\u00e1\u0159. Nezapome\u0148 uv\u00e9st sv\u00e9 jm\u00e9no a p\u0159\u00edjmen\u00ed, n\u00e1zev projektu a kontakt. N\u00e1vrhy mohou sout\u011b\u017eit pod jednou z kategori\u00ed. Soukrom\u00fd interi\u00e9r Ve\u0159ejn\u00fd interi\u00e9r Produktov\u00fd design. Je d\u016fle\u017eit\u00e9 sv\u016fj n\u00e1vrh dob\u0159e, ale z\u00e1rove\u0148 stru\u010dn\u011b popsat - minim\u00e1ln\u00ed rozsah je pak 200 slov. A nakonec nahr\u00e1t obrazovou dokumentaci 3-5 soubor\u016f. Podporovan\u00e9 form\u00e1ty jsou jpg, png a pdf, maxim\u00e1ln\u00ed velikost jednoho nahr\u00e1van\u00e9ho souboru je pak 5MB.\" \/>\n<meta name=\"robots\" content=\"index, follow, max-snippet:-1, max-image-preview:large, max-video-preview:-1\" \/>\n<link rel=\"canonical\" href=\"https:\/\/www.design-award.cz\/?page_id=61\" \/>\n<meta property=\"og:locale\" content=\"cs_CZ\" \/>\n<meta property=\"og:type\" content=\"article\" \/>\n<meta property=\"og:title\" content=\"JAK SE P\u0158IHL\u00c1SIT? - design-award.cz\" \/>\n<meta property=\"og:description\" content=\"Jak se p\u0159ihl\u00e1sit do DESIGN AWARD 2022? Je to jednoduch\u00e9! Sta\u010d\u00ed vyplnit postrann\u00ed formul\u00e1\u0159. Nezapome\u0148 uv\u00e9st sv\u00e9 jm\u00e9no a p\u0159\u00edjmen\u00ed, n\u00e1zev projektu a kontakt. N\u00e1vrhy mohou sout\u011b\u017eit pod jednou z kategori\u00ed. Soukrom\u00fd interi\u00e9r Ve\u0159ejn\u00fd interi\u00e9r Produktov\u00fd design. Je d\u016fle\u017eit\u00e9 sv\u016fj n\u00e1vrh dob\u0159e, ale z\u00e1rove\u0148 stru\u010dn\u011b popsat - minim\u00e1ln\u00ed rozsah je pak 200 slov. A nakonec nahr\u00e1t obrazovou dokumentaci 3-5 soubor\u016f. Podporovan\u00e9 form\u00e1ty jsou jpg, png a pdf, maxim\u00e1ln\u00ed velikost jednoho nahr\u00e1van\u00e9ho souboru je pak 5MB.\" \/>\n<meta property=\"og:url\" content=\"https:\/\/www.design-award.cz\/?page_id=61\" \/>\n<meta property=\"og:site_name\" content=\"design-award.cz\" \/>\n<meta property=\"article:modified_time\" content=\"2025-03-19T09:46:09+00:00\" \/>\n<meta name=\"twitter:card\" content=\"summary_large_image\" \/>\n<meta name=\"twitter:label1\" content=\"Odhadovan\u00e1 doba \u010dten\u00ed\" \/>\n\t<meta name=\"twitter:data1\" content=\"2 minuty\" \/>\n<script type=\"application\/ld+json\" class=\"yoast-schema-graph\">{\"@context\":\"https:\/\/schema.org\",\"@graph\":[{\"@type\":\"WebPage\",\"@id\":\"https:\/\/www.design-award.cz\/?page_id=61\",\"url\":\"https:\/\/www.design-award.cz\/?page_id=61\",\"name\":\"JAK SE P\u0158IHL\u00c1SIT? - design-award.cz\",\"isPartOf\":{\"@id\":\"https:\/\/www.design-award.cz\/#website\"},\"datePublished\":\"2021-12-25T10:37:48+00:00\",\"dateModified\":\"2025-03-19T09:46:09+00:00\",\"description\":\"Jak se p\u0159ihl\u00e1sit do DESIGN AWARD 2022? Je to jednoduch\u00e9! Sta\u010d\u00ed vyplnit postrann\u00ed formul\u00e1\u0159. Nezapome\u0148 uv\u00e9st sv\u00e9 jm\u00e9no a p\u0159\u00edjmen\u00ed, n\u00e1zev projektu a kontakt. N\u00e1vrhy mohou sout\u011b\u017eit pod jednou z kategori\u00ed. Soukrom\u00fd interi\u00e9r Ve\u0159ejn\u00fd interi\u00e9r Produktov\u00fd design. Je d\u016fle\u017eit\u00e9 sv\u016fj n\u00e1vrh dob\u0159e, ale z\u00e1rove\u0148 stru\u010dn\u011b popsat - minim\u00e1ln\u00ed rozsah je pak 200 slov. A nakonec nahr\u00e1t obrazovou dokumentaci 3-5 soubor\u016f. Podporovan\u00e9 form\u00e1ty jsou jpg, png a pdf, maxim\u00e1ln\u00ed velikost jednoho nahr\u00e1van\u00e9ho souboru je pak 5MB.\",\"breadcrumb\":{\"@id\":\"https:\/\/www.design-award.cz\/?page_id=61#breadcrumb\"},\"inLanguage\":\"cs\",\"potentialAction\":[{\"@type\":\"ReadAction\",\"target\":[\"https:\/\/www.design-award.cz\/?page_id=61\"]}]},{\"@type\":\"BreadcrumbList\",\"@id\":\"https:\/\/www.design-award.cz\/?page_id=61#breadcrumb\",\"itemListElement\":[{\"@type\":\"ListItem\",\"position\":1,\"name\":\"Dom\u016f\",\"item\":\"https:\/\/www.design-award.cz\/\"},{\"@type\":\"ListItem\",\"position\":2,\"name\":\"JAK SE P\u0158IHL\u00c1SIT?\"}]},{\"@type\":\"WebSite\",\"@id\":\"https:\/\/www.design-award.cz\/#website\",\"url\":\"https:\/\/www.design-award.cz\/\",\"name\":\"design-award.cz\",\"description\":\"WARD vznikla v roce 2022. Je ur\u010dena p\u0159edev\u0161\u00edm student\u016fm st\u0159edn\u00edch um\u011bleck\u00fdch \u0161kol (S\u0160 a VO\u0160), kte\u0159\u00ed mohou bezplatn\u011b zaslat sv\u00e9 n\u00e1vrhy v uveden\u00fdch kategori\u00ed a tak pom\u011b\u0159it sv\u00e9 n\u00e1pady s konkurenc\u00ed sv\u00fdch vrstevn\u00edk\u016f. N\u00e1vrhy jsou n\u00e1sledn\u011b posouzeny nez\u00e1vislou porotou z \u0159ad v\u00fdtvarn\u00edk\u016f, pedagog\u016f a profesion\u00e1l\u016f z oboru.\",\"publisher\":{\"@id\":\"https:\/\/www.design-award.cz\/#organization\"},\"potentialAction\":[{\"@type\":\"SearchAction\",\"target\":{\"@type\":\"EntryPoint\",\"urlTemplate\":\"https:\/\/www.design-award.cz\/?s={search_term_string}\"},\"query-input\":{\"@type\":\"PropertyValueSpecification\",\"valueRequired\":true,\"valueName\":\"search_term_string\"}}],\"inLanguage\":\"cs\"},{\"@type\":\"Organization\",\"@id\":\"https:\/\/www.design-award.cz\/#organization\",\"name\":\"Design Award\",\"url\":\"https:\/\/www.design-award.cz\/\",\"logo\":{\"@type\":\"ImageObject\",\"inLanguage\":\"cs\",\"@id\":\"https:\/\/www.design-award.cz\/#\/schema\/logo\/image\/\",\"url\":\"http:\/\/www.design-award.cz\/wp-content\/uploads\/2021\/12\/hornilogo_design-award.png\",\"contentUrl\":\"http:\/\/www.design-award.cz\/wp-content\/uploads\/2021\/12\/hornilogo_design-award.png\",\"width\":800,\"height\":600,\"caption\":\"Design Award\"},\"image\":{\"@id\":\"https:\/\/www.design-award.cz\/#\/schema\/logo\/image\/\"},\"sameAs\":[\"https:\/\/www.instagram.com\/design_award\/\"]}]}<\/script>\n<!-- \/ Yoast SEO plugin. -->","yoast_head_json":{"title":"JAK SE P\u0158IHL\u00c1SIT? - design-award.cz","description":"Jak se p\u0159ihl\u00e1sit do DESIGN AWARD 2022? Je to jednoduch\u00e9! Sta\u010d\u00ed vyplnit postrann\u00ed formul\u00e1\u0159. Nezapome\u0148 uv\u00e9st sv\u00e9 jm\u00e9no a p\u0159\u00edjmen\u00ed, n\u00e1zev projektu a kontakt. N\u00e1vrhy mohou sout\u011b\u017eit pod jednou z kategori\u00ed. Soukrom\u00fd interi\u00e9r Ve\u0159ejn\u00fd interi\u00e9r Produktov\u00fd design. Je d\u016fle\u017eit\u00e9 sv\u016fj n\u00e1vrh dob\u0159e, ale z\u00e1rove\u0148 stru\u010dn\u011b popsat - minim\u00e1ln\u00ed rozsah je pak 200 slov. A nakonec nahr\u00e1t obrazovou dokumentaci 3-5 soubor\u016f. Podporovan\u00e9 form\u00e1ty jsou jpg, png a pdf, maxim\u00e1ln\u00ed velikost jednoho nahr\u00e1van\u00e9ho souboru je pak 5MB.","robots":{"index":"index","follow":"follow","max-snippet":"max-snippet:-1","max-image-preview":"max-image-preview:large","max-video-preview":"max-video-preview:-1"},"canonical":"https:\/\/www.design-award.cz\/?page_id=61","og_locale":"cs_CZ","og_type":"article","og_title":"JAK SE P\u0158IHL\u00c1SIT? - design-award.cz","og_description":"Jak se p\u0159ihl\u00e1sit do DESIGN AWARD 2022? Je to jednoduch\u00e9! Sta\u010d\u00ed vyplnit postrann\u00ed formul\u00e1\u0159. Nezapome\u0148 uv\u00e9st sv\u00e9 jm\u00e9no a p\u0159\u00edjmen\u00ed, n\u00e1zev projektu a kontakt. N\u00e1vrhy mohou sout\u011b\u017eit pod jednou z kategori\u00ed. Soukrom\u00fd interi\u00e9r Ve\u0159ejn\u00fd interi\u00e9r Produktov\u00fd design. Je d\u016fle\u017eit\u00e9 sv\u016fj n\u00e1vrh dob\u0159e, ale z\u00e1rove\u0148 stru\u010dn\u011b popsat - minim\u00e1ln\u00ed rozsah je pak 200 slov. A nakonec nahr\u00e1t obrazovou dokumentaci 3-5 soubor\u016f. Podporovan\u00e9 form\u00e1ty jsou jpg, png a pdf, maxim\u00e1ln\u00ed velikost jednoho nahr\u00e1van\u00e9ho souboru je pak 5MB.","og_url":"https:\/\/www.design-award.cz\/?page_id=61","og_site_name":"design-award.cz","article_modified_time":"2025-03-19T09:46:09+00:00","twitter_card":"summary_large_image","twitter_misc":{"Odhadovan\u00e1 doba \u010dten\u00ed":"2 minuty"},"schema":{"@context":"https:\/\/schema.org","@graph":[{"@type":"WebPage","@id":"https:\/\/www.design-award.cz\/?page_id=61","url":"https:\/\/www.design-award.cz\/?page_id=61","name":"JAK SE P\u0158IHL\u00c1SIT? - design-award.cz","isPartOf":{"@id":"https:\/\/www.design-award.cz\/#website"},"datePublished":"2021-12-25T10:37:48+00:00","dateModified":"2025-03-19T09:46:09+00:00","description":"Jak se p\u0159ihl\u00e1sit do DESIGN AWARD 2022? Je to jednoduch\u00e9! Sta\u010d\u00ed vyplnit postrann\u00ed formul\u00e1\u0159. Nezapome\u0148 uv\u00e9st sv\u00e9 jm\u00e9no a p\u0159\u00edjmen\u00ed, n\u00e1zev projektu a kontakt. N\u00e1vrhy mohou sout\u011b\u017eit pod jednou z kategori\u00ed. Soukrom\u00fd interi\u00e9r Ve\u0159ejn\u00fd interi\u00e9r Produktov\u00fd design. Je d\u016fle\u017eit\u00e9 sv\u016fj n\u00e1vrh dob\u0159e, ale z\u00e1rove\u0148 stru\u010dn\u011b popsat - minim\u00e1ln\u00ed rozsah je pak 200 slov. A nakonec nahr\u00e1t obrazovou dokumentaci 3-5 soubor\u016f. Podporovan\u00e9 form\u00e1ty jsou jpg, png a pdf, maxim\u00e1ln\u00ed velikost jednoho nahr\u00e1van\u00e9ho souboru je pak 5MB.","breadcrumb":{"@id":"https:\/\/www.design-award.cz\/?page_id=61#breadcrumb"},"inLanguage":"cs","potentialAction":[{"@type":"ReadAction","target":["https:\/\/www.design-award.cz\/?page_id=61"]}]},{"@type":"BreadcrumbList","@id":"https:\/\/www.design-award.cz\/?page_id=61#breadcrumb","itemListElement":[{"@type":"ListItem","position":1,"name":"Dom\u016f","item":"https:\/\/www.design-award.cz\/"},{"@type":"ListItem","position":2,"name":"JAK SE P\u0158IHL\u00c1SIT?"}]},{"@type":"WebSite","@id":"https:\/\/www.design-award.cz\/#website","url":"https:\/\/www.design-award.cz\/","name":"design-award.cz","description":"WARD vznikla v roce 2022. Je ur\u010dena p\u0159edev\u0161\u00edm student\u016fm st\u0159edn\u00edch um\u011bleck\u00fdch \u0161kol (S\u0160 a VO\u0160), kte\u0159\u00ed mohou bezplatn\u011b zaslat sv\u00e9 n\u00e1vrhy v uveden\u00fdch kategori\u00ed a tak pom\u011b\u0159it sv\u00e9 n\u00e1pady s konkurenc\u00ed sv\u00fdch vrstevn\u00edk\u016f. N\u00e1vrhy jsou n\u00e1sledn\u011b posouzeny nez\u00e1vislou porotou z \u0159ad v\u00fdtvarn\u00edk\u016f, pedagog\u016f a profesion\u00e1l\u016f z oboru.","publisher":{"@id":"https:\/\/www.design-award.cz\/#organization"},"potentialAction":[{"@type":"SearchAction","target":{"@type":"EntryPoint","urlTemplate":"https:\/\/www.design-award.cz\/?s={search_term_string}"},"query-input":{"@type":"PropertyValueSpecification","valueRequired":true,"valueName":"search_term_string"}}],"inLanguage":"cs"},{"@type":"Organization","@id":"https:\/\/www.design-award.cz\/#organization","name":"Design Award","url":"https:\/\/www.design-award.cz\/","logo":{"@type":"ImageObject","inLanguage":"cs","@id":"https:\/\/www.design-award.cz\/#\/schema\/logo\/image\/","url":"http:\/\/www.design-award.cz\/wp-content\/uploads\/2021\/12\/hornilogo_design-award.png","contentUrl":"http:\/\/www.design-award.cz\/wp-content\/uploads\/2021\/12\/hornilogo_design-award.png","width":800,"height":600,"caption":"Design Award"},"image":{"@id":"https:\/\/www.design-award.cz\/#\/schema\/logo\/image\/"},"sameAs":["https:\/\/www.instagram.com\/design_award\/"]}]}},"_links":{"self":[{"href":"https:\/\/www.design-award.cz\/index.php?rest_route=\/wp\/v2\/pages\/61","targetHints":{"allow":["GET"]}}],"collection":[{"href":"https:\/\/www.design-award.cz\/index.php?rest_route=\/wp\/v2\/pages"}],"about":[{"href":"https:\/\/www.design-award.cz\/index.php?rest_route=\/wp\/v2\/types\/page"}],"author":[{"embeddable":true,"href":"https:\/\/www.design-award.cz\/index.php?rest_route=\/wp\/v2\/users\/1"}],"replies":[{"embeddable":true,"href":"https:\/\/www.design-award.cz\/index.php?rest_route=%2Fwp%2Fv2%2Fcomments&post=61"}],"version-history":[{"count":34,"href":"https:\/\/www.design-award.cz\/index.php?rest_route=\/wp\/v2\/pages\/61\/revisions"}],"predecessor-version":[{"id":4430,"href":"https:\/\/www.design-award.cz\/index.php?rest_route=\/wp\/v2\/pages\/61\/revisions\/4430"}],"wp:attachment":[{"href":"https:\/\/www.design-award.cz\/index.php?rest_route=%2Fwp%2Fv2%2Fmedia&parent=61"}],"curies":[{"name":"wp","href":"https:\/\/api.w.org\/{rel}","templated":true}]}}